- 105. What is the remainder when y is divided by o?
16
Suppose -6*f = -7*f + 25. Let g = 44 - f. What is the remainder when 75 is divided by g?
18
What is the remainder when 119 is divided by 28618/246 - 1/3?
3
Suppose -4*i = -4*j - 840, -3*i - 4*j = -172 - 451. Calculate the remainder when i is divided by 85.
39
Let b = 137 - 60. Let z = -52 + b. What is the remainder when z is divided by 9?
7
Let p = -60 - -103. Let c(g) = g**3 + g**2 + 11. Calculate the remainder when p is divided by c(0).
10
Let l = -19 + 30. Suppose o + 62 = 5*s - o, s - l = -o. What is the remainder when 19 is divided by s?
7
Let d = -249 - -285. Calculate the remainder when 68 is divided by d.
32
Let n = 543 - 524. What is the remainder when 59 is divided by n?
2
Let p(z) = 7*z**2 + z**3 - 11*z**2 - 2*z**2 + 6 - z**2 - 9*z. Let x be p(8). What is the remainder when 32 is divided by (18/27)/(x/(-51))?
15
Suppose 6*x - 548 = 2*x. Suppose 5*o = -13 - x. What is the remainder when (96/(-15))/(4/o) is divided by 13?
9
Suppose -30 = -6*w + 3*w. Let a be (12/w)/((-12)/(-320)). Let t = a - -105. Calculate the remainder when t is divided by 35.
32
Let i(y) = y**2 + 7*y - 3. Let t be i(-8). Suppose -4*q + 144 = 3*w, t*q = -w - 54 + 245. Let g = -7 + 21. Calculate the remainder when q is divided by g.
11
Let c = -514 + 598. Calculate the remainder when c is divided by 50.
34
Suppose 3*l + 0 - 3 = 0. Suppose 0 = -d + 7 + l. Let c = 12 + d. What is the remainder when c is divided by 7?
6
Suppose 0 = -0*j - j + 3*x, 5*x + 10 = 5*j. What is the remainder when 111 is divided by j?
0
Let k be (1 - (-9)/(-6)) + 56/16. Suppose -6*w - k = -7*w. Calculate the remainder when 36 is divided by w.
0
Let c(z) = 3*z + 22. Let x be c(-7). Let o(w) = 11*w - 3. Let j = 44 - 31. What is the remainder when j is divided by o(x)?
5
Let w(i) = 4*i**2 - 1. Let q be w(1). Suppose 9 = -q*o - 21. Let r = 23 + o. What is the remainder when r is divided by 6?
1
Suppose 31*q + 7988 = 29719. Calculate the remainder when q is divided by 15.
11
Calculate the remainder when 39 is divided by 56/(-4)*3/(-6).
4
Let z(b) = -2*b - 22. Let d be z(-12). Suppose -3*f = d*f - 70. Calculate the remainder when (f/1 - -4) + 0 is divided by 10.
8
Let o = -5421 - -5602. What is the remainder when o is divided by -1*(-1 - -2)*-46?
43
Suppose -2*y + 4*u + u = -27, 11 = -4*y - 3*u. Let x(r) = 16*r**3 - r**2. Let i = -6 + 49. What is the remainder when i is divided by x(y)?
13
Let x(w) = -163*w + 655. Suppose 5*h + 19 = 5*j + h, -3*h - 9 = -2*j. Calculate the remainder when x(4) is divided by j.
0
Let w(k) = -13*k**2 - 40*k - 21. Let l(c) = 3*c**2 + 10*c + 5. Let g(x) = -9*l(x) - 2*w(x). Calculate the remainder when 62 is divided by g(-4).
20
Suppose 0 = 4*h - 53 + 21. What is the remainder when 25 is divided by 20 + -19 + 1*h?
7
Suppose -12*d + 11*d = -97. What is the remainder when d is divided by (-4)/(3 + -7)*(-6 + 39)?
31
Let a be ((-54)/12)/(3/276*-2). Suppose -9*d = a - 576. What is the remainder when d is divided by 9?
5
Suppose 3*n - 10 = -1, 5*n - 207 = -3*h. What is the remainder when 260 is divided by h?
4
Let u(t) = -15*t + 431. Calculate the remainder when 1062 is divided by u(27).
22
Let y = 194 + -116. Let k = y - 35. Suppose 4*r = -3*w + k, -2*w = -3*r + 2*w + 26. What is the remainder when 27 is divided by r?
7
Let l(k) = -k**2 - k. Let w(r) = -7*r**2 - 14*r - 10. Let a(p) = -6*l(p) + w(p). Let v be a(-6). Calculate the remainder when 45 is divided by 1/(-2) - (-47)/v.
22
Let k(d) = 2*d - 17. Let z be k(8). What is the remainder when 6 + (z - -2) - -4 is divided by 7?
4
What is the remainder when 1*(-27)/9 - -179 is divided by 54?
14
Let x = -943 - -1177. What is the remainder when x is divided by 62?
48
Let c(z) = 34*z + 43. Let l(q) = q**3 + q**2 - q - 5. Calculate the remainder when l(4) is divided by c(-1).
8
Let f = 10 + 3. Suppose g - 6*g = -15. Suppose t = g, -5*y + 3*t + 87 = -29. Calculate the remainder when y is divided by f.
12
Suppose k + 19*k - 120 = 0. Suppose 0 = 3*s - k - 72. Let n = 6 + 8. Calculate the remainder when s is divided by n.
12
Let s(h) = h**3 - 43*h**2 + 45*h - 76. Calculate the remainder when 81 is divided by s(42).
31
Suppose 1 = 3*b + 2*w - 16, 0 = b - 2*w + 5. Suppose -468 = -5*y + b*j, 3*j = -3*y - 0*y + 276. What is the remainder when y is divided by 16?
13
Calculate the remainder when -5 + 1252/11 + (-8)/(-44) is divided by 22.
21
What is the remainder when 4 - -39*(-16)/(-12) is divided by 10?
6
Let k(o) = 10*o**3 + 4*o**2 - 3. Calculate the remainder when 855 is divided by k(1).
8
Suppose -15 = -4*q - q, j - 3*q = 0. Suppose -j*i + 5*i + 32 = 0. Suppose 26 = 5*f - 2*n + n, 4*f - 25 = 5*n. What is the remainder when i is divided by f?
3
Suppose -4*h - 2*p - 212 = -6*p, 4*h = -p - 197. Let d = h - -56. Calculate the remainder when 53 is divided by d.
5
Let h(d) = d**2 - 6*d + 2. Let l be h(6). Suppose 5*p + 59 = 4*z - l*z, -2*p = -4*z + 158. What is the remainder when z is divided by 23?
19
Calculate the remainder when 1/(1252/250 - (-12 + 17)) is divided by 35.
20
Suppose -3*m - 23 = -2*k - 4*m, 56 = 4*k + 4*m. Suppose -3*o + k*o = 24. Calculate the remainder when o is divided by 2.
0
Suppose -4*m = 2*l - 222, -122*m + 126*m = -4*l + 444. What is the remainder when l is divided by 58?
53
Let v = -69 - -67. Let t(x) = -2*x**3 + 2*x**2 + 2*x. What is the remainder when t(v) is divided by 11?
9
Let j(f) = -f**3 + 6*f**2 - 3*f + 8. Let w be j(6). Let v be (0 + -2)/(w/275). Let u = -5 + v. What is the remainder when u is divided by 13?
11
Let s be (2/(-6))/((-6)/846). What is the remainder when s/3 - 8/12 is divided by 9?
6
Let n(g) = -g**3 - 3*g**2 + 7*g + 2. Let s = 661 - 577. What is the remainder when s is divided by n(-5)?
16
Suppose 0 = 12*v + v - 1300. Let f = v + -49. Calculate the remainder when f is divided by 9.
6
Let b = -78 + 485. Let m be (-1200)/(-18)*90/25. Suppose -2*v + m = -x + 4*x, 5*x = -v + b. Calculate the remainder when x is divided by 21.
19
Let u(s) = 3*s - 4. Let y be u(3). Suppose 0 = -o + 5*a + 30, -y*o + 0*o = -4*a - 87. Calculate the remainder when 23 is divided by o.
8
Let z = -12 + 28. Let a = -512 + 573. What is the remainder when a is divided by z?
13
Let z(c) = 4*c**2 + 8*c + 4. Calculate the remainder when 5 is divided by z(-2).
1
Let g be ((-532)/6)/(16/(-24)). Let m = g + -53. What is the remainder when m is divided by 42?
38
Suppose -3*f + 0*f = -6. Suppose 5*t + 0*t - f = x, 4*t = x - 2. Calculate the remainder when 31 is divided by x.
13
Let n = 478 + 737. What is the remainder when n is divided by 21?
18
Suppose 60 = 35*r - 30*r. What is the remainder when 71 is divided by r?
11
Let j = 1417 + -1377. Suppose -28 = 2*s - 4*s. Calculate the remainder when j is divided by s.
12
Suppose -2*x = 5*j - 99, 4*x - 9 = -0*j - j. What is the remainder when 216 is divided by j?
6
Let k(f) = -8*f + 5. Calculate the remainder when 435 is divided by k(-2).
15
What is the remainder when (-7)/(-7) + (-5 - -30) is divided by 8?
2
Suppose -4 = 6*t - 40. Suppose -t*c + 20 = -8*c. Calculate the remainder when 25 is divided by (105/c)/(9/(-12)).
11
Suppose 18*x + 46 = 8020. What is the remainder when x is divided by 12?
11
Let y(r) = 8*r + 10. Let d be y(9). Suppose 2*m + 0*m = -4*n - 204, 3*m = -n - 61. Let u = d + n. Calculate the remainder when u is divided by 12.
9
Let h(k) be the second derivative of -2*k**3/3 + 13*k**2/2 + 2*k. Calculate the remainder when 24 is divided by h(2).
4
Let k(f) = -2*f**3 + 3*f**2 + 6*f + 7. Calculate the remainder when 179 is divided by k(-2).
18
Let w be (-8)/10 - (-58)/10. Let x be w/(-25) - (-177)/(-15). What is the remainder when 131 is divided by (-110)/4*x/10?
32
Let a be (4/(-5))/((-22)/55). Suppose -6*r = -a*r - 104. Calculate the remainder when r is divided by 9.
8
Calculate the remainder when 320 - 143/44*-4 is divided by 28.
25
What is the remainder when 24/4 + 1 + 237 is divided by 49?
48
Let m(v) = v**2 - 4*v + 1. Let x be m(4). Suppose -w - 15 = -2*q - q, 4*q - x = -5*w. Suppose -19*h = -17*h - 38. What is the remainder when h is divided by q?
3
Let r be 5*(0 - -2 - 1). Suppose p + 2*v - 6 = r*v, -4 = 3*p + 2*v. Suppose 0 = -p*t - t + 11. What is the remainder when t is divided by 7?
4
Let q(l) = 3*l. Let b 